ase 5?
-2303
What is 9019 (base 11) in base 12?
6b3b
-354 (base 15) to base 7
-2125
-1000000010110 (base 2) to base 4
-1000112
Convert 40043 (base 5) to base 16.
9db
-10351 (base 9) to base 5
-204400
What is -251254 (base 7) in base 15?
-d9d4
131434 (base 6) to base 3
121112011
Convert -27a (base 15) to base 12.
-3b1
What is 65205 (base 10) in base 16?
feb5
What is -111111 (base 3) in base 15?
-194
-5736 (base 10) to base 8
-13150
-10210 (base 6) to base 3
-1212220
What is 15182 (base 9) in base 13?
4940
What is -101102 (base 3) in base 13?
-188
What is -11011001101 (base 2) in base 5?
-23431
What is -234606 (base 7) in base 13?
-16455
What is 3a28 (base 12) in base 14?
25d6
-10011 (base 4) to base 13
-171
What is -2023 (base 4) in base 13?
-a9
Convert -354 (base 6) to base 11.
-11a
121021111 (base 3) to base 9
17244
-1522 (base 6) to base 4
-12122
Convert 7731 (base 9) to base 11.
4310
Convert 41153 (base 10) to base 3.
2002110012
-111120 (base 4) to base 11
-1034
What is -2002 (base 5) in base 8?
-374
Convert -120213 (base 4) to base 13.
-942
Convert -8589 (base 12) to base 2.
-11100100111001
Convert 3800 (base 10) to base 14.
1556
106355 (base 7) to base 13
8897
What is -c72 (base 15) in base 16?
-af7
What is -38b (base 12) in base 10?
-539
-301 (base 8) to base 16
-c1
Convert 314530 (base 7) to base 8.
152274
What is -27427 (base 9) in base 15?
-5784
Convert -760 (base 9) to base 10.
-621
What is -65bb (base 13) in base 2?
-11011101100101
6438 (base 16) to base 15
7906
Convert 110101110101100 (base 2) to base 13.
c714
3545 (base 8) to base 11
1471
-1010111111111 (base 2) to base 4
-1113333
What is b50 (base 15) in base 7?
10302
What is 4104 (base 7) in base 13?
858
Convert 25665 (base 8) to base 7.
44423
7b3 (base 15) to base 10
1743
1005 (base 7) to base 3
110220
Convert 19456 (base 13) to base 4.
23332321
Convert -6a2 (base 14) to base 16.
-526
-3a7 (base 12) to base 3
-202201
What is -3440231 (base 5) in base 12?
-2ba19
What is 1956 (base 11) in base 12?
1529
2201 (base 12) to base 6
25201
1202 (base 7) to base 14
239
What is -1886 (base 13) in base 11?
-2827
-2321 (base 4) to base 14
-d3
15234 (base 7) to base 16
108f
Convert -290 (base 15) to base 4.
-21021
Convert 2420 (base 6) to base 9.
723
What is -62620 (base 7) in base 9?
-23111
What is 191 (base 14) in base 2?
101000011
332302 (base 5) to base 9
16783
Convert -195 (base 16) to base 4.
-12111
Convert 665 (base 8) to base 9.
535
-a62 (base 11) to base 6
-5530
Convert 1001000111 (base 2) to base 15.
28d
What is -3c (base 15) in base 13?
-45
Convert 10631 (base 9) to base 7.
26425
What is 43035 (base 7) in base 5?
320114
What is -50520 (base 7) in base 9?
-17736
13015 (base 6) to base 16
7a3
Convert -7cc (base 16) to base 5.
-30441
-1331 (base 16) to base 8
-11461
Convert -2711 (base 13) to base 9.
-7602
What is 1910 (base 10) in base 3?
2121202
Convert 94a (base 11) to base 3.
1120100
45 (base 13) to base 16
39
Convert -202051 (base 6) to base 12.
-9327
What is 2011200 (base 3) in base 15?
709
What is 103131 (base 6) in base 12?
4aa7
-20201 (base 5) to base 3
-1210012
What is 458 (base 15) in base 12?
69b
Convert 6a9 (base 14) to base 8.
2455
Convert -384 (base 10) to base 16.
-180
-101130 (base 6) to base 10
-8046
1d9 (base 15) to base 10
429
101 (base 4) to base 16
11
Convert 404 (base 11) to base 9.
602
8fc3 (base 16) to base 7
212204
320 (base 11) to base 13
238
Convert -215 (base 9) to base 2.
-10110000
What is -15b (base 15) in base 7?
-623
Convert -36567 (base 8) to base 15.
-49e0
What is -2370 (base 9) in base 6?
-12100
567 (base 8) to base 7
1044
What is 10333 (base 5) in base 10?
718
What is -2f1 (base 16) in base 5?
-11003
3652 (base 11) to base 8
11250
What is 291 (base 12) in base 4?
12031
What is 296 (base 13) in base 5?
3321
11111000000001 (base 2) to base 12
9229
1122211001 (base 3) to base 7
164152
What is -10110100001 (base 2) in base 14?
-74d
What is 10026 (base 8) in base 12?
2472
Convert -14c5 (base 13) to base 3.
-11011101
Convert -1000010 (base 2) to base 3.
-2110
Convert 22220132 (base 4) to base 12.
21252
Convert 9964 (base 11) to base 13.
5c98
What is -228 (base 15) in base 14?
-26c
What is 857 (base 9) in base 12?
4a4
What is 337 (base 8) in base 4?
3133
What is -67c (base 15) in base 12?
-a23
462 (base 7) to base 11
1a9
-4b1 (base 16) to base 11
-9a2
233 (base 8) to base 16
9b
-331212 (base 4) to base 3
-12102000
2233 (base 5) to base 2
100111110
Convert 7cf (base 16) to base 7.
5554
What is -11628 (base 12) in base 3?
-1012001012
Convert -100110001100 (base 2) to base 9.
-3315
What is 11aa (base 15) in base 8?
7260
What is -e17 (base 16) in base 14?
-1459
What is 297 (base 11) in base 4?
11130
What is 354 (base 6) in base 5?
1032
What is 1062 (base 8) in base 2?
1000110010
What is 381 (base 11) in base 16?
1c4
-1311 (base 4) to base 3
-11100
-5a89 (base 11) to base 14
-2c8a
Convert 307 (base 8) to base 15.
d4
What is -10614 (base 7) in base 11?
-2040
What is -368e (base 16) in base 11?
-a547
What is -725 (base 14) in base 8?
-2575
-2577 (base 11) to base 14
-1315
Convert 3001 (base 4) to base 12.
141
-10354 (base 6) to base 9
-1867
What is 299 (base 12) in base 13?
252
-104231 (base 5) to base 12
-2177
What is 1047 (base 14) in base 2?
101011110111
Convert -17c56 (base 13) to base 14.
-12ac7
What is -10211131 (base 4) in base 8?
-44535
7051 (base 9) to base 10
5149
Convert 201120 (base 3) to base 9.
646
Convert -652 (base 9) to base 6.
-2245
-735 (base 14) to base 15
-649
What is 10011110100 (base 2) in base 7?
3461
Convert -1021201 (base 3) to base 6.
-4201
Convert 1334 (base 6) to base 8.
532
Convert 54010 (base 6) to base 8.
16266
-3414 (base 6) to base 13
-499
-37853 (base 10) to base 14
-db1b
Convert 7dd8 (base 14) to base 16.
55ba
Convert 177 (base 15) to base 3.
110111
Convert -232121 (base 5) to base 2.
-10000011011011
What is 2045 (base 16) in base 6?
102125
What is 10010101010 (base 2) in base 6?
5310
24210 (base 7) to base 4
1202013
What is 484a8 (base 11) in base 5?
4213224
-44708 (base 11) to base 4
-33303213
What is a1 (base 14) in base 6?
353
924 (base 12) to base 2
10100101100
-a0 (base 11) to base 5
-420
What is 43303 (base 5) in base 7?
11416
What is -2327 (base 10) in base 4?
-210113
What is 25453 (base 6) in base 13?
19a1
-112402 (base 5) to base 9
-5557
Convert 17097 (base 12) to base 8.
100263
-23203 (base 6) to base 4
-303303
What is -10211023 (base 4) in base 15?
-585d
What is 114704 (base 8) in base 11?
27636
Convert 1223113 (base 5) to base 12.
11751
Convert -278 (base 15) to base 8.
-1063
Convert 1c1 (base 13) to base 14.
194
-50b (base 12) to base 6
-3215
-2505 (base 9) to base 13
-b09
What is 1011101010 (base 2) in base 7?
2114
What is -32527 (base 9) in base 4?
-11101003
200101 (base 4) to base 10
2065
-9b69 (base 16) to base 7
-223664
-1110222100 (base 3) to base 11
-1a993
What is 22320 (base 6) in base 10?
3144
Convert 563 (base 10) to base 8.
1063
-231 (base 10) to base 3
-22120
What is 290b (base 15) in base 12?
5102
What is -32343 (base 6) in base 9?
-6100
2567 (base 8) to base 10
1399
-10222 (base 6) to base 9
-1805
-329 (base 12) to base 11
-393
What is 1420 (base 5) in base 7?
454
Convert bbc (base 13) to base 6.
13154
-21113 (base 5) to base 4
-112000
10110111011 (base 2) to base 6
10443
24b (base 14) to base 13
294
What is 3544 (base 7) in base 15?
5c1
What is -20421 (base 6) in base 15?
-c34
What is -3666 (base 8) in base 9?
-2633
Convert 1001110110101 (base 2) to base 12.
2b05
What is -1611 (base 12) in base 8?
-5055
What is 112200 (base 3) in base 12?
290
What is 1403 (base 7) in base 5?
4132
Convert 211200 (base 3) to base 11.
507
What is 27475 (base 9) in base 2?
100100010111001
Convert -1000112 (base 4) to base 3.
-12122112
What is -132 (base 12) in base 10?
-182
What is 5984 (base 10) in base 2?
1011101100000
What is -112301 (base 4) in base 6?
-10425
346 (base 8) to base 2
11100110
Convert 10011010100 (base 2) to base 6.
5420
5196 (base 10) to base 5
131241
What is -23201 (base 4) in base 15?
-342
-1262 (base 11) to base 4
-121221
Convert -1b5a (base 13) to base 5.
-113011
-d33 (base 16) to base 6
-23351
Convert 134402 (base 6) to base 7.
51644
What is 7c (base 16) in base 11?
103
Convert -106 (base 